 s is divided by 7?
5
Suppose -66 = -5*y + 54. Let u(p) = -p**3 + 2*p + 71. Calculate the remainder when u(0) is divided by y.
23
Let i be 1/((3/(-6))/(-1)). Suppose i*n - n = 12. Calculate the remainder when 23 is divided by n.
11
Let t = -19 + -325. Calculate the remainder when (-21)/(-35) - t/10 is divided by 19.
16
Let h = 49 + 47. Suppose 4*b - h = b. Calculate the remainder when b is divided by 11.
10
Let u(q) = 3*q**2 - 4*q + 2. Let n be u(3). Let r be -2 + -2*n/(-2). Let d = -4 + r. Calculate the remainder when d is divided by 6.
5
Let d(s) = s**2 - 6*s + 4. Let a be d(5). Let j(y) = 7*y - 6. What is the remainder when j(5) is divided by a - -3 - (0 - 13)?
14
Suppose -4*q + 25 = 3*d, 5*d - 6 - 5 = q. Let z = q + -4. Calculate the remainder when 13 is divided by (2 + z - -1) + 2.
3
Let x(l) = 9*l - 2. Let m be -3 - (-1 + -4 + 0). What is the remainder when 79 is divided by x(m)?
15
Let i(w) = w**3 - w**2 + 2*w. Let q be i(2). Suppose 3 = 3*t + 4*b, 3*b + b - q = -4*t. Let o(f) = -5*f - 2. Calculate the remainder when o(-2) is divided by t.
3
Let q(m) = -m**3 - 5*m**2 + 2*m - 1. Let j be q(-5). What is the remainder when (-2)/j - 581/(-11) is divided by 18?
17
Let z be (-111)/(-21) + 2/(-7). Let q(j) = -4 + z - 3*j + 4 + 3*j**2. Calculate the remainder when q(4) is divided by 14.
13
Suppose -15*k + 32 = -13*k. Let q(c) = 3*c**2 + 9*c - 5. What is the remainder when q(-7) is divided by k?
15
Let r(m) = -2*m + 3*m**3 - 4*m**2 - 2*m + 8*m**2 + 3. Suppose 2*t + 2*t - 4*j - 84 = 0, 3*j + 27 = t. What is the remainder when r(2) is divided by t?
17
Suppose -b - 268 = -5*b. Calculate the remainder when b is divided by 23.
21
Let s = -95 + 139. Calculate the remainder when 86 is divided by s.
42
Suppose 0 = -4*l + 4*r + 124, 3*l + r - 76 = 9. What is the remainder when l is divided by 10?
9
Let p = -6 - -8. Suppose 34 = p*h - 2. Let g = 66 - 14. Calculate the remainder when g is divided by h.
16
Let q = 151 - 108. Calculate the remainder when 170 is divided by q.
41
Let i be (14/4)/((-10)/(-20)). Suppose 2*c - i = -1. Calculate the remainder when 8 is divided by c.
2
Let m(c) = c**3 - 7*c**2 + 2*c + 2. Calculate the remainder when (12/(-3) - -1) + 49 is divided by m(7).
14
What is the remainder when 68 is divided by (-76)/(-8)*(-2 + 4)?
11
Let i(q) = -q**2 - 19*q + 119. What is the remainder when 103 is divided by i(-23)?
22
Suppose 0 = 5*r - 4*z - 18 - 8, r - 14 = 3*z. Suppose r*b + 5 = -3*b. What is the remainder when 11 is divided by (b - -1)/3 - -4?
3
Let a(b) = -b**2 + 6*b - 5. Let i be a(4). Suppose -m - 55 = -3*l, -l + 2*l - i*m = 5. What is the remainder when 38 is divided by l?
18
Suppose 0 = 3*d + d - 4. Let t(a) = a**2 + 10*a + 2. Let y(z) = -z**2 + 6*z + 6. Let b be y(8). Calculate the remainder when t(b) is divided by d.
0
Let i(p) = -2*p. Let j be i(-2). Let g be (j/6)/((-2)/(-6)). Calculate the remainder when 32 is divided by g*(-1 + 0) - -13.
10
Let a be -3*(0 - (-26)/(-6)). Let m = -4 + a. Calculate the remainder when 16 is divided by m.
7
What is the remainder when 113 is divided by (-105)/42 - 126/(-4)?
26
Let y(g) = -g**3 + 50*g**2 + 3*g - 124. Let h be 4/14 - (-94)/14. Let r = h + 7. What is the remainder when y(50) is divided by r?
12
Suppose 5*h - 4*c = 96, 0 = 2*h + 4*c - 0*c - 16. Calculate the remainder when 61 is divided by h.
13
Let i = 191 + -140. What is the remainder when i is divided by 12?
3
Let i = -4 - -6. Suppose -129 = -i*f + s, 2*f - 3 = -5*s + 156. Calculate the remainder when f is divided by 23.
21
Let l = 114 + -68. Suppose -5*g = -4*m + l, -4*m + 3 = 5*g - 63. Let v = m - 5. Calculate the remainder when v is divided by 5.
4
Calculate the remainder when -28*(3 - (-22)/(-4)) is divided by 24.
22
Let a = -5 + 7. Let n = 2 + a. Suppose 37 = -n*r + 117. Calculate the remainder when r is divided by 7.
6
Let j(x) = -x**3 - x**2 - x + 1. Let g be j(0). Suppose 3*m = 4*m - 2*a - g, -m + 11 = 3*a. What is the remainder when 41 is divided by (-1*3)/(m/(-35))?
20
Let c(q) = -2*q - 12. Let t be (-16)/(-6) + (-2)/3. Calculate the remainder when c(-8) is divided by t*2/4 - -1.
0
Let u = -11 + 20. What is the remainder when 201/u - 6/(-9) is divided by 15/3 + 1 + 0?
5
Let h(u) = -u - 3. Calculate the remainder when 15 is divided by h(-7).
3
Suppose 28 = y + 5*c, -4*c + 15 = -5. Let j be (-5)/(3*y/27). Let f = j + 30. What is the remainder when 29 is divided by f?
14
Let p(t) = -8*t - 1. Let x be p(-3). Suppose 3*o + x = -2*y - 2*y, 3*y = -5*o - 20. Let u(w) = -2*w + 2. What is the remainder when 33 is divided by u(y)?
9
Calculate the remainder when 53 is divided by (-171)/(-9) - (0 - -1).
17
Suppose 0*b + b = 2*j + 17, -2*b = -3*j - 32. Let z = 10 + b. What is the remainder when 68 is divided by z?
22
What is the remainder when 1/(-4) + (-189)/(-36) is divided by 4?
1
Let l(t) = -t**2 + 8*t + 10. Let s be l(8). Suppose -q - 4 = -s. Calculate the remainder when 21 is divided by q.
3
Suppose -5*i - 1 = 3*m - 3, -5*m = 3*i - 14. Let x be i/6 - (-1)/3. Suppose 3*k + 4 - 19 = x. What is the remainder when k is divided by 2?
1
Let n(u) = -u**2 + 13*u - 10. Let k be n(8). Suppose 5*i - 10 = k. Calculate the remainder when i is divided by 5.
3
Let t(g) = -4*g**3 - 3*g**2 - 2*g. Let k be t(-2). Let x be k + (1 + -1 - 0). Calculate the remainder when 14 is divided by (-1)/((3*-1)/x).
6
Suppose 0 = -3*p - 2*w + 168, p + 5*w = -11 + 80. Calculate the remainder when p is divided by 28.
26
Let u(v) = v + 8. Let d be u(8). Let o = d + -8. What is the remainder when (o + -3)*3/5 is divided by 2?
1
Suppose -5*o + 10*o - 10 = 0. Suppose o*l + l - 27 = 0. Let y = 25 - 8. Calculate the remainder when y is divided by l.
8
Let g = 28 - -25. What is the remainder when g is divided by 28?
25
Let w be (-6)/(-9)*(-2 - -5). Suppose 0 = m - w. Suppose 2*c + 0 = 4. What is the remainder when m is divided by c?
0
Let d be -1*2*(-2 + 1). Let u be ((-3)/(-9))/(d/42). Suppose q = -0*q + u. What is the remainder when q is divided by 3?
1
Suppose -4*z + 3 = z + o, -5*o - 6 = 4*z. Suppose 0 = 4*t - 3*t - z. Suppose 5*b + t = 61. What is the remainder when 23 is divided by b?
11
Let d(l) = 3*l + 7. Let g be d(7). Suppose -j - 4*i = -g, -i + 5*i - 60 = -5*j. What is the remainder when 20 - (9/1)/(-3) is divided by j?
7
Let d(w) = w**2 - 7*w - 28. Calculate the remainder when d(12) is divided by ((-18)/(-7))/((-6)/(-28)).
8
Let j = 44 - 36. Calculate the remainder when 30 is divided by j.
6
Let m be (-1 - -2)*72/2. Suppose -3*p = p - m. Let z = p - 4. What is the remainder when 14 is divided by z?
4
Let j = 11 + -11. Suppose r - 5 + 3 = j. Calculate the remainder when 5 is divided by r.
1
Suppose 17*r = 5*r + 684. What is the remainder when r is divided by 15?
12
Suppose 2*d + 4*k = -98, 4*k = 3*d + 39 + 128. Let n = -27 - d. What is the remainder when n is divided by 4/(-18) - 256/(-18)?
12
What is the remainder when 60 is divided by (-104)/12*(3 + (-36)/8)?
8
What is the remainder when 51 is divided by -13*(1 + (-5 - -3))?
12
Let d = -19 + 34. Let t = d - 9. Let g = -45 + 49. What is the remainder when t is divided by g?
2
Let o(t) = 7*t - 6. Suppose m + 9 = a, 3*a - 27 = -m - 3*m. Let r = a + -1. Calculate the remainder when o(4) is divided by r.
6
Let v be (-1)/4 + 3/(-4). Let l(s) = 3*s**3 - s**2 - s + 1. Let j be l(1). Let h = j - v. What is the remainder when 7 is divided by h?
1
Suppose -5*t + 34 = -31. Suppose -2*s + 47 = t. Let m(i) = i**3 - 11*i**2 + 10*i + 6. What is the remainder when s is divided by m(10)?
5
Suppose 0 = -5*g - t + 200, 0 = 2*g - 5*g - 3*t + 120. Let h be g*(2/(-4) + 1). Let x = h - 14. What is the remainder when x is divided by 4?
2
Let t = 77 - 46. Calculate the remainder when 123 is divided by t.
30
Suppose 2*f = -10 - 2. Let k = f - -10. Suppose -56 = -k*l + 100. Calculate the remainder when l is divided by 21.
18
Let f = -2 + 8. Let p(a) = 2*a**2 + 4*a - 2. Let r be p(-4). Let g = r + 2. What is the remainder when g is divided by f?
4
Calculate the remainder when ((-5)/(-20))/(2/248) is divided by 24/15*(4 - -1).
7
Let h(y) = -y**3 + 7*y**2 - 7*y + 4. Let i be h(6). Calculate the remainder when 1/i*6 - -39 is divided by -2*-2*19/4.
17
Suppose 3*g - 4*p = -2*g + 5, 0 = -5*p + 25. What is the remainder when 42/g*5*1 is di